hat is 340200332 (base 5) in base 14?
2ab39b
-2917237 (base 11) to base 14
-948405
What is 7c8053 (base 16) in base 3?
120100112110212
What is 1466285 (base 12) in base 16?
3ed005
Convert -16cbc57 (base 13) to base 12.
-25a0066
What is 1100000111100010111 (base 2) in base 10?
397079
What is -21c70 (base 13) in base 2?
-1110111111111110
233134000 (base 5) to base 8
4045740
What is 113130233122 (base 4) in base 14?
b6025c
-482d58 (base 15) to base 12
-11a5a02
-30017417 (base 8) to base 15
-846757
What is 12404565 (base 8) in base 2?
1010100000100101110101
What is -7372 (base 16) in base 15?
-8b54
Convert 5223223 (base 7) to base 13.
18c9a9
-174622 (base 8) to base 5
-4021030
What is 10a143 (base 15) in base 11?
4a2115
What is a20a5 (base 11) in base 14?
3c523
Convert 1101130210 (base 4) to base 16.
51724
-771 (base 9) to base 16
-277
Convert 19b436 (base 14) to base 7.
10526266
-24320103 (base 5) to base 13
-80555
What is 72b92 (base 15) in base 5?
43114422
37a44a (base 11) to base 15
bc95d
Convert 2102045 (base 7) to base 14.
681cc
37a180 (base 11) to base 16
92477
124625633 (base 7) to base 15
a7c6c5
What is -cc3362 (base 14) in base 15?
-91b75b
1a861 (base 11) to base 6
342110
What is -130123020020 (base 4) in base 16?
-71b208
Convert 5b28086 (base 12) to base 4.
1003212301212
Convert 7ac55 (base 15) to base 11.
247769
What is -176854 (base 9) in base 16?
-1addf
-666dd (base 16) to base 5
-101411144
What is 264321 (base 13) in base 9?
1656440
12364447 (base 8) to base 16
29e927
277451 (base 10) to base 2
1000011101111001011
Convert -c6267b (base 13) to base 4.
-101222331020
Convert 1033311033 (base 4) to base 8.
1176517
What is 105129 (base 15) in base 5?
144322024
What is 387416 (base 13) in base 8?
5135151
-1354841 (base 9) to base 3
-1101211221101
Convert 43fa6 (base 16) to base 2.
1000011111110100110
Convert -3a51a (base 11) to base 10.
-57859
Convert 4184312 (base 9) to base 5.
1033143341
683971 (base 14) to base 5
1401404432
Convert 214800 (base 10) to base 8.
643420
Convert -6a3c41 (base 16) to base 5.
-3240242431
What is 34b7 (base 13) in base 4?
1303321
2786635 (base 9) to base 16
1766a5
40341130 (base 5) to base 9
544160
What is 219943 (base 13) in base 10?
792496
Convert -66655244 (base 7) to base 5.
-2433334334
639839 (base 11) to base 8
3716362
Convert -101110000111000 (base 2) to base 13.
-a990
What is 25451220 (base 7) in base 10?
2315019
Convert -303266 (base 8) to base 12.
-49a72
25052156 (base 7) to base 10
2248112
What is -1e45c (base 15) in base 12?
-49266
-7eb420 (base 16) to base 5
-4111204043
What is -87419 (base 15) in base 13?
-120693
What is 2ea561 (base 16) in base 14?
5980c9
-12233166 (base 7) to base 10
-1100784
What is -154565 (base 9) in base 2?
-10111010000000010
What is 234322130 (base 5) in base 11?
684237
Convert 230340111 (base 5) to base 9.
1835451
What is -5b536 (base 15) in base 12?
-120796
What is 1da40 (base 16) in base 12?
5a314
1005657 (base 11) to base 14
34447a
-42312203 (base 6) to base 15
-196d0c
-111224325 (base 7) to base 6
-400331123
Convert 87a77a (base 12) to base 3.
11001102222211
-4b6348 (base 12) to base 11
-773373
What is 10011110111010001100101 (base 2) in base 3?
100210112212002
Convert -541555 (base 7) to base 14.
-264d5
Convert -4d2452 (base 16) to base 11.
-2943363
Convert 30ab89 (base 14) to base 5.
410040224
What is b072b3 (base 12) in base 2?
1010011111010011100111
What is -311202200311 (base 4) in base 6?
-1220452501
Convert 42455636 (base 8) to base 11.
5133541
What is -104944 (base 10) in base 2?
-11001100111110000
Convert -22131132311 (base 4) to base 2.
-1010011101011110110101
a3e0d (base 16) to base 6
22215341
Convert 2c748 (base 14) to base 11.
765a8
6132142 (base 7) to base 9
1333254
What is 23300200212 (base 4) in base 3?
12210121002110
Convert -258289 (base 10) to base 13.
-90745
What is 4501533 (base 6) in base 3?
102110220110
Convert 242063411 (base 7) to base 15.
14cb8ab
-4632695 (base 11) to base 15
-a9eeca
What is 48e87 (base 15) in base 5?
24422102
214371 (base 8) to base 14
1c2db
774645 (base 10) to base 11
48a003
What is 529682 (base 13) in base 10?
1934480
Convert 108a1 (base 15) to base 11.
36557
-890551 (base 12) to base 2
-1000010011110000001101
Convert 2262b6 (base 15) to base 12.
6716b3
-2a2522 (base 13) to base 15
-156328
Convert -1938b (base 15) to base 3.
-11011012212
Convert -113110251 (base 6) to base 2.
-1000000010110100010111
What is 248040 (base 11) in base 5?
100010413
What is -268216 (base 9) in base 14?
-43809
-100100110000000010000011 (base 2) to base 8
-44600203
111101001001010100 (base 2) to base 3
110201120000
Convert 1024203133 (base 5) to base 4.
20103313233
-667341 (base 9) to base 7
-3251251
-201405 (base 9) to base 4
-131011310
10000100100000000110 (base 2) to base 10
542726
Convert 22122130 (base 4) to base 15.
c987
Convert 367907 (base 10) to base 6.
11515135
Convert -446326 (base 7) to base 6.
-1410001
Convert -16432531 (base 7) to base 4.
-12013303111
-100122021210 (base 3) to base 15
-3b350
What is 1008b2b (base 14) in base 9?
15182631
76a19 (base 11) to base 14
2c9cb
What is -130031032 (base 4) in base 3?
-12212111001
Convert 124765 (base 12) to base 15.
5d5bb
Convert 318671 (base 9) to base 11.
11a8aa
Convert 11b9762 (base 13) to base 5.
2404031214
Convert 111011100111010010000 (base 2) to base 10.
1953424
Convert 217115 (base 10) to base 8.
650033
What is 5ba50 (base 13) in base 14?
456bd
Convert 81806 (base 10) to base 6.
1430422
What is -20a9a1 (base 13) in base 6?
-24231132
Convert -289a38 (base 13) to base 11.
-61881a
What is 1634661 (base 8) in base 15?
95481
Convert 55145144 (base 6) to base 16.
1921d8
What is -23a55c8 (base 13) in base 11?
-6278413
257217 (base 8) to base 2
10101111010001111
Convert 1137c (base 15) to base 2.
1101011000001000
What is 11233130233 (base 5) in base 12?
43475a6
What is -1100010100101 (base 2) in base 5?
-200214
What is -11112100012202 (base 3) in base 7?
-26316350
What is 143aa (base 15) in base 12?
31714
What is 1168270 (base 10) in base 11?
728814
Convert 21b23b (base 14) to base 13.
311044
124906 (base 13) to base 4
1223013022
Convert 17050608 (base 9) to base 14.
11c2cb9
Convert 10414043 (base 7) to base 13.
254246
What is -59229 (base 12) in base 3?
-20001222220
707517 (base 9) to base 16
66433
Convert -13ba01 (base 14) to base 8.
-2472241
Convert -916a85 (base 13) to base 15.
-46d039
-88a692 (base 11) to base 4
-11122212121
What is 231818 (base 9) in base 13?
4b46a
Convert 285455b (base 13) to base 7.
213412126
What is 10430452 (base 6) in base 10?
315104
What is 150041 (base 8) in base 16?
d021
-4224332 (base 10) to base 15
-5869c2
Convert -576776 (base 9) to base 6.
-11230410
Convert 54121331 (base 6) to base 2.
110000101111001010111
31444223 (base 5) to base 3
111111021200
1120221011000 (base 3) to base 11
52796a
-13202200301 (base 4) to base 15
-2908ce
What is 43121011 (base 5) in base 15?
72c3b
2220100010 (base 3) to base 14
16b52
4c6b1 (base 13) to base 15
2c011
Convert -101111111110111111110 (base 2) to base 12.
-639b12
Convert 1001011000111110011 (base 2) to base 14.
801c7
Convert 3b127 (base 14) to base 15.
2d25d
43627 (base 10) to base 5
2344002
Convert 638397 (base 14) to base 4.
30311200001
What is -110010010110100010 (base 2) in base 10?
-206242
Convert 120012202020 (base 3) to base 2.
1001001000110101100
-6474381 (base 11) to base 8
-53326111
Convert -2109591 (base 10) to base 16.
-203097
What is -111810 (base 10) in base 7?
-643656
-102000020211 (base 3) to base 12
-a54a1
Convert 219b33 (base 15) to base 5.
402233043
-210817 (base 9) to base 14
-33959
-18a54 (base 15) to base 12
-3a32a
-10011001101111001000 (base 2) to base 9
-1158711
12333415 (base 7) to base 8
4207006
What is -884876 (base 9) in base 4?
-2001002001
Convert 2f5e2b (base 16) to base 11.
1830340
What is -834090 (base 14) in base 8?
-20712216
What is -3735310 (base 8) in base 12?
-418688
2431431 (base 9) to base 15
1b10e7
411230 (base 5) to base 13
60a3
What is c5423 (base 15) in base 10?
625308
-42341 (base 11) to base 10
-61634
What is -100100110011011100 (base 2) in base 13?
-53800
Convert -a064 (base 15) to base 16.
-8434
1111011111001010010 (base 2) to base 9
853110
What is -111102102120022 (base 